ppose -5*b - 5*j + 190 = 0, 0*j = 5*j - v. Is b a multiple of 17?
True
Let v = -13 - -37. Suppose 4*f - x = 43 + v, -x = f - 13. Is f a multiple of 6?
False
Suppose -2*x = 4*r - 36, -8*r + 3*r + 90 = 5*x. Does 18 divide x?
True
Let d(z) be the first derivative of z**6/360 - z**5/120 + 2*z**3/3 + 2. Let l(j) be the third derivative of d(j). Is l(5) a multiple of 15?
False
Let p = 1 - 4. Let y = p + 6. Suppose w + y*w = 5*a - 57, -4*a - 3*w + 58 = 0. Is 13 a factor of a?
True
Let b = 99 - 39. Is 30 a factor of b?
True
Is 6 a factor of ((-9)/(-6))/(230/76 - 3)?
False
Suppose -2*b + 233 = -3. Suppose -3*n + b = -5*l, 4*n - l = -0*n + 129. Suppose 0 = -3*o + n + 56. Is 15 a factor of o?
False
Suppose 246 = j + g, 2*j = j - 2*g + 242. Is j a multiple of 14?
False
Suppose 2*m - y + 2*y - 12 = 0, 3*m - 4*y = -4. Let a be 0 + 2/(m/86). Let d = -23 + a. Is d a multiple of 10?
True
Let g be 1/(-3)*(-1 + -5). Suppose -g*y + 15 = f, -3*f + 56 = -5*y + 11. Is f a multiple of 15?
True
Let d(p) = 4*p - 6. Let m be d(5). Let i = -6 + m. Is i a multiple of 6?
False
Suppose -55 = b - 2*b. Does 11 divide b?
True
Let h(c) = c**3 + 7*c**2 - 8*c + 4. Let o be h(-8). Is 11 a factor of (4 - 14)*(-10)/o?
False
Suppose -2*t - 55 = -r + 21, r + 3*t = 61. Is 14 a factor of r?
True
Does 4 divide ((-2)/(-7) + 468/28)/1?
False
Suppose -5*f - 45 = -5*l, f + 0 = -5*l + 21. Suppose -111 = -l*a + d + d, 0 = -3*a + d + 66. Is a a multiple of 12?
False
Let p = -28 - -75. Is p a multiple of 15?
False
Let i(s) = 0*s**2 + 0*s - s + 2*s**2 - 1. Let u be i(-1). Is 13 a factor of 31*(0 - u - -3)?
False
Suppose -10*i - 4*i = -966. Is i a multiple of 23?
True
Let d(b) = 18*b - 1. Let i be d(2). Suppose 4*k - 3*p = 2*k - 12, -p = 5*k + 47. Let u = k + i. Is 13 a factor of u?
True
Let c(v) = 6*v**3 - v**2 + 2*v - 4. Does 26 divide c(2)?
False
Let g(x) = -8*x**2 + 8*x - 9. Let i be g(-11). Does 17 divide 6/21 - i/21?
True
Suppose -y = 2*y - 60. Is 6 a factor of y?
False
Let i = 3 - 2. Let x be ((-9)/(-6))/(1/2). Does 17 divide i/x - (-100)/6?
True
Does 3 divide (26/(-4) + 2)/((-18)/48)?
True
Let g(d) = 9*d - 1. Let i be g(-1). Let u = 17 + i. Is u a multiple of 2?
False
Let w be -1 - 7 - (0 + -2). Is 4 a factor of -2*33/w*1?
False
Suppose t - 5*z = -7, 4*t + 3*z - 22 = -2*z. Suppose -j + t*j = 20. Is 10 a factor of j?
True
Let r(h) = h**2 - 4*h - 1. Is r(9) a multiple of 22?
True
Let p = 842 - 377. Does 13 divide p?
False
Let u(a) = a**2 - a - 2. Let g be u(3). Let b = 14 - g. Is 10 a factor of b?
True
Suppose r = 2 + 5. Suppose 0 = 2*i + r + 13. Does 5 divide (32/20)/((-2)/i)?
False
Let i(p) = -p**3 - 8*p**2 + 7*p - 13. Let f be i(-9). Suppose 0 = -0*x + 4*x + f*o - 80, 4*o = 4*x - 116. Let u = 41 - x. Is u a multiple of 8?
True
Does 28 divide 18/(-99) - 620/(-22)?
True
Let z(o) = -o**3 + o**2 - 3*o + 4. Let a be z(4). Is (-26)/65*(a + 1) a multiple of 11?
True
Let a(o) = -o**3 + 5*o**2 + o + 4. Suppose 4*n - 16 = -0*n. Suppose -5*s - n = -s, 4*c - 18 = -2*s. Is 9 a factor of a(c)?
True
Suppose -21 + 97 = j. Let v = j + -46. Is v a multiple of 15?
True
Let n = 430 + -307. Is n a multiple of 14?
False
Suppose i = -16 - 62. Let h = -54 - i. Is h a multiple of 12?
True
Let n be (-5)/(-2) - 1/(-2). Suppose -n - 1 = -p. Suppose -p*q + 44 = -2*w, 0 = 2*q - q + 2*w - 16. Does 12 divide q?
True
Suppose q + 20 = 14. Does 3 divide (-9)/q*48/9?
False
Let h be 4/(-1 + 14/10). Let w(p) = h*p + 2 + 1 - p**2 - 3*p + 3. Does 2 divide w(7)?
True
Suppose 1 = -n - 2, 0 = -3*q + 3*n + 432. Is 12 a factor of q?
False
Suppose 0 = -0*l + 5*l - 20. Let m(q) = 9*q**2 + q - 2*q + 1 + l*q - q. Is m(-1) a multiple of 4?
True
Let k be (-2)/5 + (-1184)/(-10). Is (-2)/(((-4)/k)/1) a multiple of 17?
False
Let z be (-8)/6*(-3)/(-2). Let a be 87/z - (-3)/6. Let v = 1 - a. Is v a multiple of 22?
True
Let k(r) = r**2 - r + 2. Let j be k(0). Suppose -j = -x + 7. Suppose 0 = -3*c + x, 4*q - 2*c - 2*c = 92. Is q a multiple of 10?
False
Let h be 9*(3 + (-12)/2). Let g = 4 - 8. Let a = g - h. Is 23 a factor of a?
True
Suppose 7*h = 3*h + 240. Does 12 divide h?
True
Let f(p) = 3*p**2 + p + 59. Let j(z) = 13*z**2 + 5*z + 237. Let n(q) = 9*f(q) - 2*j(q). Let r be n(0). Does 8 divide (3 - 7)*r/(-12)?
False
Let i(g) = g**2 + g + 91. Is i(0) a multiple of 7?
True
Let u(v) = 2*v**2 + 6 - 1 - 3. Let m be u(4). Let b = m + -15. Does 19 divide b?
True
Let k(r) = r**3 - r**2 - 9*r - 7. Does 25 divide k(7)?
False
Suppose 6*m - 3*m - 9 = 0. Let v(i) = -2*i. Let c be v(m). Let z = 12 + c. Does 6 divide z?
True
Let v(f) = 118*f**2 - f - 1. Let o be v(-1). Suppose -5*c + o = -142. Is c a multiple of 15?
False
Suppose 28 = 4*g - 8. Suppose g = -3*a + 99. Is a a multiple of 15?
True
Let l = -11 + 7. Let h = 12 + l. Is h a multiple of 3?
False
Suppose -50 = -g - 5*b + 21, 0 = -2*b. Is g a multiple of 3?
False
Suppose -6*r + 565 = -r. Let u = -47 + r. Is 22 a factor of u?
True
Suppose 19 = 3*c - 197. Let u(d) = -d**3 - 5*d**2 + 7*d. Let r be u(-7). Let i = c - r. Is 8 a factor of i?
False
Let s be 420 + 0*(2 - 3). Suppose -10*t + 15*t = s. Is t a multiple of 21?
True
Suppose 4*s + 2*w = 18, 0*w + 5 = 5*s - w. Let l be (1 + -1)*(s + -1). Let k(a) = a**2 + a + 15. Is 7 a factor of k(l)?
False
Let h = -4 - -7. Suppose 14 = 2*r + h*d + 1, 2*r - 3*d = -5. Suppose 0 = -r*y + 5 + 5. Does 5 divide y?
True
Let r be 10 - (0 - -1 - 1). Suppose -3*s + f - 10 = r, 5*s + 26 = -2*f. Let i(t) = -7*t + 1. Is 20 a factor of i(s)?
False
Is 80/(1*3/3) a multiple of 17?
False
Suppose -8 = -0*m + m. Let z be (2 + m/3)*-33. Let v = z + -9. Is 7 a factor of v?
False
Let a = 464 - 181. Is a a multiple of 17?
False
Suppose 5*g - 6 = 2*g. Let a = -325 + 493. Is g/(a/81 + -2) a multiple of 17?
False
Let k = 151 + -6. Suppose 78 = 4*i + 4*x - 42, -5*i = 4*x - k. Is 13 a factor of i?
False
Let r(u) = 59*u**3 + 2*u - 1. Let z be r(1). Suppose -80 = 4*b + z. Let o = -25 - b. Is o a multiple of 8?
False
Let u(h) = -50*h - 2. Is u(-1) a multiple of 8?
True
Suppose -q = 6*z - z + 15, 0 = -2*q - z + 6. Is q a multiple of 3?
False
Suppose c = -2*s + 211, 0*s - 5*c = -3*s + 310. Let i = -51 + s. Does 18 divide i?
True
Let l = -41 + 70. Does 29 divide l?
True
Let d(x) = -x**3 + x**2 + x + 1. Let o be d(-3). Suppose -o = -3*m + 92. Suppose 3*j = 21 + m. Does 11 divide j?
False
Suppose -5*r = -r - 68. Suppose -3*x + 2*n = -2 - 15, -x - 5*n + r = 0. Is 7 a factor of x?
True
Suppose -4*f + 2*x = 42, 0 = 4*f + 2*x + 3*x + 35. Let h = f + 23. Is h a multiple of 13?
True
Let h = 66 - 12. Let m = h - 33. Does 21 divide m?
True
Let j be 0 - 0/(-2) - 4. Let h = -5 + j. Does 4 divide (-24)/(-9)*h/(-4)?
False
Let k be -1 + 1 + 4/(-4). Is 18/2 - (k - -3) a multiple of 7?
True
Suppose -73 = -c + 74. Is 26 a factor of c?
False
Let k(f) = 2*f**3 - 3*f**2 - f. Let z be k(3). Suppose -2*t = -5*t + z. Is 6 a factor of t?
False
Let k(s) = s**3 + 11*s**2 - 3*s - 3. Let n be (-6 - -5)/(2/12). Let d be k(n). Suppose q + d = 6*q. Is q a multiple of 18?
False
Let y(c) = -3*c + c**3 + 0*c + 4 + 6*c - 5*c**2. Suppose -v + 2*v = -4*r + 24, -2*v + 3 = -r. Is y(r) a multiple of 14?
False
Let s = -45 + 121. Is s a multiple of 38?
True
Let o = -76 - -146. Let z be -1 + -1 - (-5 - 0). Suppose z*k = k + o. Is 14 a factor of k?
False
Suppose 3*m + w + 4*w = 154, -5*m - 3*w = -230. Does 16 divide m?
False
Let p(h) = 3*h + 2. Let c be p(2). Let d be 0 + c*-1*2. Let v = d - -22. Does 6 divide v?
True
Suppose -j + 14 = -55. Is j a multiple of 20?
False
Suppose 0 + 4 = -4*j. Let q(s) = -s**3 - s + 1. Let v(m) = -7*m**3 + 6*m**2 + 2. Let l(z) = j*v(z) + 6*q(z). Is 5 a factor of l(7)?
False
Let i be (-1)/(1/(-4) + 0). Suppose 292 = i*f - 128. Does 12 divide (-3)/12 + f/4?
False
Let g(o) = 3*o**2 - 3*o - 6. Is 17 a factor of g(-4)?
False
Let d = -3 - -7. Suppose 127 = a + d*j + 13, 2*a = -4*j + 212. Let u = a + -47. Is u a multiple of 18?
False
Let z(t) = t**2 - 4*t - 3. Let y be z(3). Let d(u) = -u**2 - 6*u + 4. Let f be d(y). Suppose -f*h + 48 = -h. Is h a multiple of 16?
True
Let u be (-1 + 1)/(-3) - -1. Does 9 divide -2 - u*(-29 - 1)?
False
Suppose -2*w = -2*f - 8, 4*w - 20 = -4*f - w. Suppose -2 + f = -c. Suppose 3*i - 30 = -c*i. Is i a multiple of 6?
True
Let j(f) = f**3 + f**2 + 44. Let z be j(0). Suppose p = 2*p - z. 